95?
1
What is the hundred thousands digit of 48109683?
1
What is the tens digit of 4988828027?
2
What is the ten millions digit of 491577712?
9
What is the ten thousands digit of 4768070552?
7
What is the millions digit of 1490276765?
0
What is the ten thousands digit of 111761360?
6
What is the millions digit of 1982017020?
2
What is the millions digit of 1377166631?
7
What is the thousands digit of 6021762?
1
What is the millions digit of 364714153?
4
What is the tens digit of 7972357261?
6
What is the hundred thousands digit of 101471407?
4
What is the tens digit of 673821549?
4
What is the ten millions digit of 259489168?
5
What is the millions digit of 9320282?
9
What is the hundred thousands digit of 57588871?
5
What is the ten thousands digit of 123277633?
7
What is the units digit of 10405051?
1
What is the units digit of 1923927223?
3
What is the hundreds digit of 86931869?
8
What is the hundreds digit of 933890854?
8
What is the millions digit of 1189971219?
9
What is the hundreds digit of 189777071?
0
What is the millions digit of 121919828?
1
What is the ten thousands digit of 55854129?
5
What is the thousands digit of 561187054?
7
What is the units digit of 86611512?
2
What is the hundred thousands digit of 60723586?
7
What is the hundred millions digit of 1847519237?
8
What is the ten thousands digit of 33464652?
6
What is the units digit of 82747272?
2
What is the units digit of 102228172?
2
What is the units digit of 843029499?
9
What is the thousands digit of 698014386?
4
What is the tens digit of 62613920?
2
What is the tens digit of 76490446?
4
What is the thousands digit of 807320762?
0
What is the ten millions digit of 75356384?
7
What is the hundred millions digit of 519993408?
5
What is the millions digit of 5667026720?
7
What is the thousands digit of 6446182315?
2
What is the hundreds digit of 136881211?
2
What is the tens digit of 1295649212?
1
What is the hundred millions digit of 1412548707?
4
What is the hundred millions digit of 775902711?
7
What is the units digit of 21510470?
0
What is the millions digit of 1041229232?
1
What is the hundred thousands digit of 5059531308?
5
What is the hundred thousands digit of 958916557?
9
What is the ten millions digit of 67242147?
6
What is the hundred millions digit of 1532357098?
5
What is the ten millions digit of 935282881?
3
What is the thousands digit of 3310415362?
5
What is the ten thousands digit of 160122993?
2
What is the hundred thousands digit of 71122774?
1
What is the tens digit of 452391489?
8
What is the tens digit of 285454080?
8
What is the hundreds digit of 15745308?
3
What is the hundred millions digit of 221078257?
2
What is the ten millions digit of 23455991?
2
What is the hundred thousands digit of 311537974?
5
What is the tens digit of 4966688?
8
What is the hundreds digit of 35316059?
0
What is the units digit of 129192685?
5
What is the hundred thousands digit of 88909868?
9
What is the tens digit of 674568327?
2
What is the units digit of 583542150?
0
What is the ten millions digit of 334281842?
3
What is the ten thousands digit of 1450395330?
9
What is the hundred millions digit of 661925547?
6
What is the tens digit of 5077764?
6
What is the thousands digit of 51611692?
1
What is the units digit of 107548907?
7
What is the units digit of 143204755?
5
What is the tens digit of 121161320?
2
What is the tens digit of 116357453?
5
What is the ten millions digit of 211071845?
1
What is the millions digit of 1188180208?
8
What is the billions digit of 1736447304?
1
What is the thousands digit of 96084591?
4
What is the tens digit of 311660907?
0
What is the ten millions digit of 673862759?
7
What is the hundred millions digit of 189996379?
1
What is the hundred thousands digit of 71087931?
0
What is the hundred thousands digit of 1002113105?
1
What is the thousands digit of 168182785?
2
What is the units digit of 22215616?
6
What is the hundred millions digit of 431923863?
4
What is the thousands digit of 6268471?
8
What is the millions digit of 1119112218?
9
What is the hundred millions digit of 178994787?
1
What is the thousands digit of 582478827?
8
What is the thousands digit of 81164453?
4
What is the units digit of 14924778?
8
What is the billions digit of 1847574348?
1
What is the ten millions digit of 156202395?
5
What is the ten thousands digit of 102190586?
9
What is the ten thousands digit of 84957432?
5
What is the hundreds digit of 158121557?
5
What is the hundreds digit of 1603515983?
9
What is the ten millions digit of 25295356?
2
What is the ten millions digit of 1417997154?
1
What is the thousands digit of 2041698933?
8
What is the ten millions digit of 1246967333?
4
What is the hundred thousands digit of 43836228?
8
What is the hundred thousands digit of 10804326?
8
What is the ten thousands digit of 2228476224?
7
What is the units digit of 349603512?
2
What is the tens digit of 13779941?
4
What is the thousands digit of 2124022253?
2
What is the millions digit of 1299122914?
9
What is the hundred thousands digit of 241582250?
5
What is the units digit of 1398961756?
6
What is the millions digit of 139299656?
9
What is the hundreds digit of 904147271?
2
What is the hundred millions digit of 316831073?
3
What is the hundred thousands digit of 177710294?
7
What is the hundreds digit of 1683177296?
2
What is the ten thousands digit of 1704947442?
4
What is the ten thousands digit of 25297205?
9
What is the hundred thousands digit of 55965731?
9
What is the units digit of 54483803?
3
What is the thousands digit of 59569564?
9
What is the hundreds digit of 8157298?
2
What is the millions digit of 67109853?
7
What is the ten thousands digit of 111032336?
3
What is the hundred thousands digit of 1183710534?
7
What is the tens digit of 176521392?
9
What is the hundred thousands digit of 288979424?
9
What is the millions digit of 26528995?
6
What is the millions digit of 13031083?
3
What is the hundred millions digit of 456496808?
4
What is the millions digit of 21232957?
1
What is the units digit of 64762199?
9
What is the hundred thousands digit of 192493976?
4
What is the hundreds digit of 38463249?
2
What is the units digit of 93173586?
6
What is the tens digit of 25843229?
2
What is the thousands digit of 241389693?
9
What is the hundred millions digit of 266140832?
2
What is the ten thousands digit of 115623555?
2
What is the thousands digit of 3710728894?
8
What is the thousands digit of 167218952?
8
What is the ten millions digit of 34860827?
3
What is the thousands digit of 99195292?
5
What is the ten thousands digit of 133455672?
5
What is the thousands digit of 17890327?
0
What is the tens digit of 40888953?
5
What is the hundreds digit of 252399157?
1
What is the thousands digit of 565867332?
7
What is the hundred thousands digit of 176085878?
0
What is the hundred millions digit of 127090283?
1
What is the thousands digit of 669870597?
0
What is the units digit of 43611922?
2
What is the hundred thousands digit of 5046203?
0
What is the thousands digit of 185389560?
9
What is the thousands digit of 3198978480?
8
What is the hundred millions digit of 1127458706?
1
What is the tens digit of 1312324019?
1
What is the hundreds digit of 1608801739?
7
What is the ten thousands digit of 616399506?
9
What is the thousands digit of 284646213?
6
What is the hundred thousands digit of 8765423061?
4
What is the hundreds digit of 3575107121?
1
What is the ten millions digit of 2615086320?
1
What is the thousands digit of 40407788?
7
What is the units digit of 2955652?
2
What is the units digit of 4905094914?
4
What is the ten millions digit of 60453480?
6
What is the tens digit of 59972180?
8
What is the thousands digit of 763436077?
6
What is the ten thousands digit of 269156547?
5
What is the millions digit of 3436039971?
6
What is the hundred millions digit of 745989064?
7
What is the ten millions digit of 120628860?
2
What is the millions digit of 232561526?
2
What is the hundred thousands digit of 256181003?
1
What is the units digit of 13302440?
0
What is the ten millions digit of 534114664?
3
What is the ten thousands digit of 14641752?
4
What is the hundred millions digit of 3480090565?
4
What is the ten millions digit of 42971013